s digit of w(-19)?
0
Let i(s) = -s**3 + 19*s**2 - 92*s + 58. What is the hundreds digit of i(-23)?
3
Let q(y) = -5402*y - 5568. What is the thousands digit of q(-12)?
9
Let q(y) = -2*y - 8. Suppose -3*g + 10*g + 42 = 0. Let a be q(g). Suppose -o = a*o - 540. What is the hundreds digit of o?
1
Let d = -1506 + 8560. What is the thousands digit of d?
7
Suppose -f = 3*v - 8178, 12*v - 7*v = 10. What is the units digit of f?
2
Let w = 55 + 74. Let a = w + -45. What is the units digit of a?
4
Let w = 326 - 323. Let v(h) = -8 - 2 + 25*h + 0. What is the units digit of v(w)?
5
Let p be (2 - (-55)/(-10))*-426. Suppose -6*t + p = -1971. What is the hundreds digit of t?
5
Let m be ((-2)/(-3))/((-25)/(-2625)). Let a = m + -70. Suppose a = 6*s - 11*s + 1030. What is the hundreds digit of s?
2
What is the hundreds digit of (10/(-2) + 903/172)*25468?
3
Suppose 3*h - 5*h + 3*x = -22, 0 = -h + 5*x + 25. Suppose -11 = h*g + 174. Let d = g - -66. What is the tens digit of d?
2
Suppose -7*f + 8233 + 3149 = 0. What is the units digit of f?
6
What is the hundreds digit of 6/(-57) + 31467997/1691?
6
Suppose -3*l + 6 + 25 = 4*r, 0 = -3*r + 12. What is the tens digit of 71/((l - 0)/60)?
5
Suppose 4*w - 5*c = 8099, 2*c + 2036 = w - 3*c. What is the tens digit of w?
2
Suppose 0 = -9*v + 12*v - 3, 51939 = 5*t - v. What is the units digit of t?
8
What is the hundreds digit of (-13)/((-39)/26886) - (-8 - 3)?
9
Let u = -12 - -14. Let q = u + -3. What is the tens digit of 35 + (3 + q - 3)?
3
What is the hundreds digit of 24/(-32)*(-300)/45 - -17547?
5
Let u = 61 - 57. Suppose 4*a - 23 = 5*q, -u*a - 4 = q - 9. Suppose 425 = 5*d + 2*s, -a*s = -s + 5. What is the units digit of d?
7
Let v(g) = g**2 - 6*g - 5. Let j be 13/(-13)*(-1 + 8). Let b be v(j). What is the units digit of -2 + (b + -3 - -1)?
2
Let w = -12709 + 23869. What is the thousands digit of w?
1
What is the ten thousands digit of (1 + (-740968)/24)*75/(-50)?
4
Let n(d) = -20*d**2 + 6*d - 3. Let i be n(1). Let h(s) = -s**3 - 15*s**2 + 17*s + 10. What is the hundreds digit of h(i)?
2
Let n(l) = 17*l**2 + 384*l - 204. What is the ten thousands digit of n(27)?
2
Suppose 0 = -28*w + 4122 + 103706. Suppose -3*x + 5*x - w = -5*l, -5*x = -2*l - 9642. What is the hundreds digit of x?
9
Let f = 2889 + -1696. What is the tens digit of f?
9
What is the tens digit of (-27299)/(-6) - (-108)/648?
5
Let a = 15 + -13. Suppose -7*o = 2*n - 6*o - 708, 4*n = a*o + 1432. What is the hundreds digit of n?
3
Suppose 0 = -33*v + 54*v - 22722. Suppose 0 = -v*x + 1074*x + 9216. What is the hundreds digit of x?
1
Suppose 8*i + 225 - 2121 = 0. Suppose 2*k = -0*k + 10. Suppose k*q = 2*q + i. What is the units digit of q?
9
Let k(n) = 7*n**3 + 2*n**2 - 168*n - 7. What is the units digit of k(12)?
1
Suppose 695*u - 678*u = 515423. What is the ten thousands digit of u?
3
Let r = -38500 + 73349. What is the units digit of r?
9
Let m(k) = -6*k**3 - 10*k**2 - 6*k - 5. Let i be m(-10). Suppose 14*f + 701 = i. What is the hundreds digit of 2/5*f - 6/15?
1
Let w be 26/(-4) + 6 + (-977)/2. Let i = -233 - w. What is the units digit of i?
6
Let k(f) be the first derivative of -13 + 7/3*f**3 - 8*f - 1/4*f**4 + 7/2*f**2. What is the units digit of k(4)?
8
Let t(o) = -4*o**2 + o - 12. Let u be t(3). Let g = 48 + u. Suppose 85 = -2*w + g*w. What is the tens digit of w?
8
Suppose -245*a + 18192350 = 240*a. What is the ten thousands digit of a?
3
Suppose -11*n + 27*n - 165536 = 0. What is the ten thousands digit of n?
1
Let f(j) = 59*j - 239. Let z be f(19). Suppose -28*m + 33138 = z. What is the tens digit of m?
5
What is the hundreds digit of 32/80 - 1569*(-17)/5?
3
Let m = 801 + 6116. What is the tens digit of m?
1
Let n be (12/8)/(-1*3/4). Let b(h) = -23*h**3 + h**2 - 9*h - 18. What is the units digit of b(n)?
8
Let d(h) = h**3 + h**2 + h - 1. Let u(j) = -j**2 - j - 2. Let x(n) = -d(n) - u(n). Let i be x(-3). Suppose -304 = i*p - 34*p. What is the units digit of p?
6
Let v(k) = k. Let t be v(6). Suppose -1518 = 9*m - t*m. What is the tens digit of m/(-7) - (-22)/(-77)?
7
Let v = 2 - 6. Let p(j) = -9*j - j**2 - 23*j**3 + 20*j**3 - 5*j**2. What is the tens digit of p(v)?
3
Let u(y) = -27*y**2 + y. Let m be u(-1). Suppose -61*w = -68*w - 567. Let l = m - w. What is the tens digit of l?
5
Suppose 4*u + 632 = -152. Suppose -103 = -z + 2*t + 168, 0 = -4*z + 3*t + 1099. Let x = z + u. What is the units digit of x?
1
Suppose 295 - 27 = 4*r. What is the tens digit of (r*3/(-12))/(13/(-156))?
0
Suppose -7332372 = -356*j + 1677767 + 385057. What is the hundreds digit of j?
3
Let z = -22189 - -52222. What is the ten thousands digit of z?
3
Let f = -67 - -69. Let t(x) = 0*x + 11*x**2 + 1 + 14*x**f + 40*x**2 - 2*x. What is the tens digit of t(-2)?
6
Let x be (-22)/6 + -8*7/(-84). Let c be 2209/8 + (-115)/(-40) + x. Suppose -2*z - 57 = -m + 2*z, -4*m = -4*z - c. What is the tens digit of m?
7
Suppose 3426*u - 329210 = 3391*u. What is the hundreds digit of u?
4
Suppose 0 = -17*x + 13*x - 2*h + 16976, 7*x + h - 29698 = 0. What is the tens digit of x?
4
Let l(n) = -8 - 14*n + 8 - 14*n. Let s be l(-6). Let j = -101 + s. What is the units digit of j?
7
Let w be -906*2/6*-3. What is the tens digit of 3/((-12)/(-3) + w/(-228))?
1
Let b be (-1 - (2 - -3))*(-8)/(-6). Let x be ((-2)/6)/(b/2352). Suppose 5*d - 6*d = -x. What is the tens digit of d?
9
Let s(a) = a**2 + 21*a - 130. Let z be s(-26). Suppose z = -5*n + 25, 5*w - 3*n = -0*w + 2545. What is the tens digit of w?
1
Suppose 12*d + b = 11*d + 140, -3*d - 5*b + 418 = 0. Suppose -d = -7*i + 1756. What is the hundreds digit of i?
2
Let k be -10 - 149 - 6/2. Let z = 25 + k. Let p = z + 325. What is the units digit of p?
8
What is the hundreds digit of (-6)/(-4)*(446110/15)/7?
3
Suppose 62*m = 59*m + 15, 3*m - 925 = -c. What is the tens digit of c?
1
Let r be 1*6 - (17 - 18). Let w be 291*6*2/6. Suppose 0 = r*t - t - w. What is the tens digit of t?
9
Suppose 14*q - 5*c - 29 = 11*q, -3*c = 3*q - 69. Suppose 743 = f + q*o - 21*o, f - 2*o - 745 = 0. What is the units digit of f?
9
Suppose -2*x = 4*a - 63310, -37455 - 10025 = -3*a - 4*x. What is the units digit of a?
8
Let m(c) = -22347*c + 2085. What is the tens digit of m(-2)?
7
Suppose 476 = -m - 3*h, 20*m - 18*m = -3*h - 952. Let k = 322 - m. What is the hundreds digit of k?
7
Let v = 36369 - 21418. What is the tens digit of v?
5
Let p = 330 - 323. Let k(q) = -2*q**3 + 26*q**2 - 7*q - 5. What is the units digit of k(p)?
4
Let n(x) = 4*x - 17. Let j be n(7). What is the units digit of (j + 518/(-42))*1137/(-4)?
9
Let s(w) = w**2 - 5*w - 20. Let m be s(8). What is the hundreds digit of 5 + (m/(-10) - (-31404)/60)?
5
Suppose -s - 40 = -2*m, -s + m = 2*s + 140. Let z be (5 + -1)*(-18 + 36). Let u = z + s. What is the units digit of u?
4
Suppose -3*q + 6*q - 34 = -5*f, 0 = q - 3. Let i(p) = -4*p**3 + 11*p**2 + 7*p - 12. Let s be i(f). Let k = -82 - s. What is the tens digit of k?
2
Let x(z) = z**3 - 25*z**2 - 6*z - 28. Let t be x(23). Let b = 2303 + t. What is the hundreds digit of b?
0
Let c(m) be the second derivative of 3*m**3 + 81*m**2/2 - 30*m - 2. What is the tens digit of c(13)?
1
Let a be 15 + -14 - 4/(4/(-135)). Let w = 58 + a. What is the hundreds digit of w?
1
Suppose 595 - 3676 = -13*j. What is the tens digit of j?
3
Suppose -2*m = -22 + 34. Let v be (m/5)/((-3)/(-15)). Let l(o) = -9*o + 8. What is the tens digit of l(v)?
6
Suppose -5 = -b - 4, -2*b - 72 = 2*j. Let x(l) = -l**2 - 53*l - 10. What is the hundreds digit of x(j)?
5
Let f(r) = -3*r**2 - 182*r + 16. What is the thousands digit of f(-46)?
2
Suppose 5*z - 2*t - 83845 = 0, -6851 + 73927 = 4*z - 2*t. What is the ten thousands digit of z?
1
Suppose -25*a = -20*a - 20. Suppose 0 = a*n - 3*n + 3. What is the units digit of 61/2 - n/(-2)?
9
Let y(l) = l**2 - l + 1. Let j = -74 + 67. Let t(a) = 5*a**2 + 34*a - 4. Let f be t(j). What is the units digit of y(f)?
7
Let l = 7039 + 57940. What is the tens digit of l?
7
Suppose 5*c + 730 = -3*t, 3*c = 2*t + 267 - 686. Let w = c + 275. What is the hundreds digit of w?
1
Suppose 0 = -83*t - 779103 + 2586013. What is the thousands digit of t?
1
Let b(f) = -7*f - 298. Let p be b(-43). Let n(t) = 160*t**2 - 53*t + 162. What is the units digit of n(p)?
3
What is the thousands dig